{"id":1202,"date":"2022-11-28T14:58:56","date_gmt":"2022-11-28T12:58:56","guid":{"rendered":"http:\/\/naturalmentecaceres.com\/?page_id=1202"},"modified":"2023-03-09T14:23:10","modified_gmt":"2023-03-09T12:23:10","slug":"talleres-navidades-sostenibles-2022","status":"publish","type":"page","link":"http:\/\/naturalmentecaceres.com\/index.php\/talleres-navidades-sostenibles-2022","title":{"rendered":"TALLERES SEMANA SANTA SOSTENIBLE 2023"},"content":{"rendered":"\n<p>El Ayuntamiento de C\u00e1ceres, a trav\u00e9s del programa de educaci\u00f3n ambiental \u201cNaturalmente C\u00e1ceres\u201d, ofrece una serie de actividades durante las vacaciones de Semana Santa de 2023 con el fin de sensibilizar a los m\u00e1s j\u00f3venes sobre una forma de vida m\u00e1s sostenible favoreciendo la biodiversidad urbana y la reutilizaci\u00f3n de los residuos.<\/p>\n\n\n\n<p>Destinado a: <strong>ni\u00f1os y ni\u00f1as de 5 a 11 a\u00f1os.<\/strong><\/p>\n\n\n\n<p>N\u00ba de plazas: <strong>20 en cada taller.<\/strong><\/p>\n\n\n\n<p>Plazo de <strong>inscripci\u00f3n<\/strong>: del 13 de marzo al 31 de marzo de 2023.<\/p>\n\n\n\n<p>Duraci\u00f3n: <strong>3, 4 y 5 de abril.<\/strong><\/p>\n\n\n\n<p>Horario: <strong>11:00 a 13:00 horas.<\/strong><\/p>\n\n\n\n<p>Lugar de realizaci\u00f3n: <strong>Instituto Municipal de Juventud (C\/ de la Juventud, 2, 10003 C\u00e1ceres).<\/strong><\/p>\n\n\n\n<p>Los campamentos son <strong>gratuitos<\/strong>, pero requieren de inscripci\u00f3n y reserva previa. <strong>La inscripci\u00f3n se har\u00e1 \u00fanicamente a trav\u00e9s del correo electr\u00f3nico <\/strong><a href=\"mailto:reservas@naturalmentecaceres.com\"><strong>reservas@naturalmentecaceres.com<\/strong><\/a><strong> entre las 9:00 horas del d\u00eda 13 de marzo<\/strong> <strong>y las 13:00 horas del d\u00eda 31 de marzo<\/strong>. Se aceptar\u00e1n reservas hasta completar el n\u00famero de plazas.<\/p>\n\n\n\n<p><strong>Ser\u00e1 necesario adjuntar la solicitud (disponible al final de esta Web) en el email de inscripci\u00f3n debidamente cumplimentado y firmado<\/strong> en todas las p\u00e1ginas.<\/p>\n\n\n\n<p><strong>ABRIL 2023<\/strong><\/p>\n\n\n\n<figure class=\"wp-block-table is-style-stripes\"><table><tbody><tr><td class=\"has-text-align-center\" data-align=\"center\"><em>LUNES 03<\/em><\/td><td class=\"has-text-align-center\" data-align=\"center\"><em>MARTES 04<\/em><\/td><td class=\"has-text-align-center\" data-align=\"center\"><em>MI\u00c9RCOLES 05<\/em><\/td><\/tr><tr><td class=\"has-text-align-center\" data-align=\"center\">Faun\u00edzate<\/td><td class=\"has-text-align-center\" data-align=\"center\">Conejo de Pascua<\/td><td class=\"has-text-align-center\" data-align=\"center\">Jard\u00edn para mariposas y polinizadores<\/td><\/tr><\/tbody><\/table><figcaption class=\"wp-element-caption\">Talleres Semana Santa Sostenible 2023<\/figcaption><\/figure>\n\n\n\n<p><strong>Taller \u201cFaun\u00edzate\u201d: <\/strong>en este taller los ni\u00f1os y ni\u00f1as ser\u00e1n grandes investigadores y aprender\u00e1n sobre la fauna de C\u00e1ceres a trav\u00e9s del descubrimiento, el juego y la observaci\u00f3n. \u00a1Ser\u00e1n animales por un d\u00eda!<\/p>\n\n\n\n<p><strong>Taller \u201cConejo de Pascua\u201d<\/strong>: \u00bfc\u00f3mo es el conejo? \u00bfde qu\u00e9 se alimenta? \u00bfc\u00f3mo vive en C\u00e1ceres? En este divertido taller los m\u00e1s peque\u00f1os aprender\u00e1n m\u00e1s sobre este animal tan caracter\u00edstico de la pen\u00ednsula ib\u00e9rica.<\/p>\n\n\n\n<p><strong>Taller \u201cJard\u00edn para mariposas y polinizadores\u201d<\/strong>: se descubrir\u00e1 y conocer\u00e1n curiosidades sobre las mariposas y los polinizadores elaborando un peque\u00f1o jard\u00edn para ellos que podr\u00e1n llevar a sus casas.<\/p>\n\n\n\n<div data-wp-interactive=\"core\/file\" class=\"wp-block-file\"><object data-wp-bind--hidden=\"!state.hasPdfPreview\" hidden class=\"wp-block-file__embed\" data=\"http:\/\/naturalmentecaceres.com\/wp-content\/uploads\/2023\/03\/Cartel-Campamentos-SSta-Caceres-23.pdf\" type=\"application\/pdf\" style=\"width:100%;height:600px\" aria-label=\"Incrustado de Cartel-Campamentos-SSta-Caceres-23.\"><\/object><a id=\"wp-block-file--media-d73c0bb2-6c22-43ae-abe4-2a43aac32a86\" href=\"http:\/\/naturalmentecaceres.com\/wp-content\/uploads\/2023\/03\/Cartel-Campamentos-SSta-Caceres-23.pdf\">Cartel-Campamentos-SSta-Caceres-23<\/a><a href=\"http:\/\/naturalmentecaceres.com\/wp-content\/uploads\/2023\/03\/Cartel-Campamentos-SSta-Caceres-23.pdf\" class=\"wp-block-file__button wp-element-button\" download aria-describedby=\"wp-block-file--media-d73c0bb2-6c22-43ae-abe4-2a43aac32a86\">Descarga<\/a><\/div>\n\n\n\n<p><strong>BASES DE PARTICIPACI\u00d3N<\/strong><\/p>\n\n\n\n<p><strong>1. Destinatarios<\/strong><\/p>\n\n\n\n<p>Podr\u00e1n participar en las actividades de Semana Santa 2023 aquellos ni\u00f1os\/as de <strong>edad m\u00ednima 5 a\u00f1os (a cumplir en el presente 2023) o m\u00e1xima de 11 a\u00f1os (en fechas de la actividad).<\/strong><\/p>\n\n\n\n<p><strong>2. Oferta de actividades<\/strong><\/p>\n\n\n\n<p>La participaci\u00f3n en todas las actividades <strong>es gratuita y requiere reserva e inscripci\u00f3n previa.<\/strong><\/p>\n\n\n\n<p>Cada taller consta de <strong>20 plazas.<\/strong> En caso de completarse, se elaborar\u00e1n listas de espera para cada actividad.<\/p>\n\n\n\n<p><strong>3. Presentaci\u00f3n de solicitudes<\/strong><\/p>\n\n\n\n<p>Para la inscripci\u00f3n en las actividades, el\/la solicitante deber\u00e1 <strong>presentar la documentaci\u00f3n disponible m\u00e1s abajo en esta Web:<\/strong> solicitud debidamente cumplimentada y firmada, tanto la hoja de datos de asistencia a las actividades, como las hojas adjuntas sobre protecci\u00f3n de datos, derechos de imagen y salud.<\/p>\n\n\n\n<p>Ser\u00e1 imprescindible <strong>entregar toda esta documentaci\u00f3n por cada participante.<\/strong><\/p>\n\n\n\n<p>El periodo de <strong>inscripci\u00f3n comenzar\u00e1 el d\u00eda 13 de marzo entre las 9:00 horas y las 13:00 horas del d\u00eda 31 de marzo.<\/strong><\/p>\n\n\n\n<p>Las solicitudes s\u00f3lo podr\u00e1n <strong>presentarse a trav\u00e9s del correo electr\u00f3nico:<\/strong> <strong><a href=\"mailto:reservas@naturalmentecaceres.com\">reservas@naturalmentecaceres.com<\/a>.<\/strong><\/p>\n\n\n\n<p>No ser\u00e1n v\u00e1lidos los correos electr\u00f3nicos recibidos fuera de las fechas y horarios del periodo de inscripci\u00f3n.<\/p>\n\n\n\n<p><strong>4. Proceso de admisi\u00f3n<\/strong><\/p>\n\n\n\n<p>A cada solicitud recibida por correo electr\u00f3nico se responder\u00e1 por este mismo medio, confirmando la recepci\u00f3n de documentos.<\/p>\n\n\n\n<p>Aquellas personas que quieran realizar alguna reclamaci\u00f3n deber\u00e1n hacerlo por escrito, a trav\u00e9s del correo electr\u00f3nico: reservas@naturalmentecaceres.com.<\/p>\n\n\n\n<p>Los <strong>errores no subsanados<\/strong> dentro del periodo de inscripci\u00f3n, perder\u00e1n el derecho a participar en el campamento.<\/p>\n\n\n\n<p><strong>Se aceptar\u00e1n reservas por orden de inscripci\u00f3n <\/strong>hasta completar el n\u00famero de plazas. Si hubiera m\u00e1s demanda que oferta, se crear\u00e1 una lista de espera o de reservas.<\/p>\n\n\n\n<p><strong>5. Cancelaci\u00f3n de plazas asignadas<\/strong><\/p>\n\n\n\n<p>En caso de renuncia a las plazas por parte del solicitante, se continuar\u00e1 asignando plazas a los solicitantes de la l<strong>ista de reservas<\/strong>, telef\u00f3nicamente, respetando el orden de inscripci\u00f3n. Al contactar con el solicitante en lista de espera, tendr\u00e1 que decidir en el momento de la llamada si acepta la plaza o no, pasando al siguiente solicitante de inmediato en el caso de no aceptar la plaza.<\/p>\n\n\n\n<p><em>S\u00edguenos en nuestras redes sociales en Twitter (<a href=\"https:\/\/twitter.com\/naturalmentecc\">@naturalmentecc<\/a>) e Instagram (<a href=\"https:\/\/www.instagram.com\/naturalmentecaceres\/\">@naturalmentecaceres<\/a>)<\/em><\/p>\n\n\n\n<div data-wp-interactive=\"core\/file\" class=\"wp-block-file\"><object data-wp-bind--hidden=\"!state.hasPdfPreview\" hidden class=\"wp-block-file__embed\" data=\"http:\/\/naturalmentecaceres.com\/wp-content\/uploads\/2023\/03\/Autorizacion_SSanta_Naturalmente_Caceres2023.pdf\" type=\"application\/pdf\" style=\"width:100%;height:600px\" aria-label=\"Incrustado de Autorizacion_SSanta_Naturalmente_Caceres2023.\"><\/object><a id=\"wp-block-file--media-43e9ff1e-609f-4f41-804f-8d644d73e7f3\" href=\"http:\/\/naturalmentecaceres.com\/wp-content\/uploads\/2023\/03\/Autorizacion_SSanta_Naturalmente_Caceres2023.pdf\">Autorizacion_SSanta_Naturalmente_Caceres2023<\/a><a href=\"http:\/\/naturalmentecaceres.com\/wp-content\/uploads\/2023\/03\/Autorizacion_SSanta_Naturalmente_Caceres2023.pdf\" class=\"wp-block-file__button wp-element-button\" download aria-describedby=\"wp-block-file--media-43e9ff1e-609f-4f41-804f-8d644d73e7f3\">Descarga<\/a><\/div>\n\n\n\n<p><\/p>\n","protected":false},"excerpt":{"rendered":"<p>El Ayuntamiento de C\u00e1ceres, a trav\u00e9s del programa de educaci\u00f3n ambiental \u201cNaturalmente C\u00e1ceres\u201d, ofrece una serie de actividades durante las vacaciones de Semana Santa de 2023 con el fin de sensibilizar a los m\u00e1s j\u00f3venes sobre una forma de vida m\u00e1s sostenible favoreciendo la biodiversidad urbana y la reutilizaci\u00f3n de los residuos. Destinado a: ni\u00f1os y ni\u00f1as de 5 a 11 a\u00f1os. N\u00ba de plazas: 20 en cada taller. Plazo de inscripci\u00f3n: del 13 de marzo al 31 de marzo&#8230;<\/p>\n<p class=\"read-more\"><a class=\"btn btn-default\" href=\"http:\/\/naturalmentecaceres.com\/index.php\/talleres-navidades-sostenibles-2022\"> Leer m\u00e1s<span class=\"screen-reader-text\">  Leer m\u00e1s<\/span><\/a><\/p>\n","protected":false},"author":1,"featured_media":0,"parent":0,"menu_order":0,"comment_status":"closed","ping_status":"closed","template":"","meta":{"footnotes":""},"class_list":["post-1202","page","type-page","status-publish","hentry"],"yoast_head":"<!-- This site is optimized with the Yoast SEO plugin v27.4 - https:\/\/yoast.com\/product\/yoast-seo-wordpress\/ -->\r\n<title>TALLERES SEMANA SANTA SOSTENIBLE 2023 - NATURALMENTE C\u00c1CERES<\/title>\r\n<meta name=\"robots\" content=\"index, follow, max-snippet:-1, max-image-preview:large, max-video-preview:-1\" \/>\r\n<link rel=\"canonical\" href=\"http:\/\/naturalmentecaceres.com\/index.php\/talleres-navidades-sostenibles-2022\" \/>\r\n<meta property=\"og:locale\" content=\"es_ES\" \/>\r\n<meta property=\"og:type\" content=\"article\" \/>\r\n<meta property=\"og:title\" content=\"TALLERES SEMANA SANTA SOSTENIBLE 2023 - NATURALMENTE C\u00c1CERES\" \/>\r\n<meta property=\"og:description\" content=\"El Ayuntamiento de C\u00e1ceres, a trav\u00e9s del programa de educaci\u00f3n ambiental \u201cNaturalmente C\u00e1ceres\u201d, ofrece una serie de actividades durante las vacaciones de Semana Santa de 2023 con el fin de sensibilizar a los m\u00e1s j\u00f3venes sobre una forma de vida m\u00e1s sostenible favoreciendo la biodiversidad urbana y la reutilizaci\u00f3n de los residuos. Destinado a: ni\u00f1os y ni\u00f1as de 5 a 11 a\u00f1os. N\u00ba de plazas: 20 en cada taller. Plazo de inscripci\u00f3n: del 13 de marzo al 31 de marzo... Leer m\u00e1s Leer m\u00e1s\" \/>\r\n<meta property=\"og:url\" content=\"http:\/\/naturalmentecaceres.com\/index.php\/talleres-navidades-sostenibles-2022\" \/>\r\n<meta property=\"og:site_name\" content=\"NATURALMENTE C\u00c1CERES\" \/>\r\n<meta property=\"article:modified_time\" content=\"2023-03-09T12:23:10+00:00\" \/>\r\n<meta name=\"twitter:card\" content=\"summary_large_image\" \/>\r\n<meta name=\"twitter:site\" content=\"@naturalmentecc\" \/>\r\n<meta name=\"twitter:label1\" content=\"Tiempo de lectura\" \/>\n\t<meta name=\"twitter:data1\" content=\"3 minutos\" \/>\r\n<script type=\"application\/ld+json\" class=\"yoast-schema-graph\">{\"@context\":\"https:\\\/\\\/schema.org\",\"@graph\":[{\"@type\":\"WebPage\",\"@id\":\"http:\\\/\\\/naturalmentecaceres.com\\\/index.php\\\/talleres-navidades-sostenibles-2022\",\"url\":\"http:\\\/\\\/naturalmentecaceres.com\\\/index.php\\\/talleres-navidades-sostenibles-2022\",\"name\":\"TALLERES SEMANA SANTA SOSTENIBLE 2023 - NATURALMENTE C\u00c1CERES\",\"isPartOf\":{\"@id\":\"http:\\\/\\\/naturalmentecaceres.com\\\/#website\"},\"datePublished\":\"2022-11-28T12:58:56+00:00\",\"dateModified\":\"2023-03-09T12:23:10+00:00\",\"breadcrumb\":{\"@id\":\"http:\\\/\\\/naturalmentecaceres.com\\\/index.php\\\/talleres-navidades-sostenibles-2022#breadcrumb\"},\"inLanguage\":\"es\",\"potentialAction\":[{\"@type\":\"ReadAction\",\"target\":[\"http:\\\/\\\/naturalmentecaceres.com\\\/index.php\\\/talleres-navidades-sostenibles-2022\"]}]},{\"@type\":\"BreadcrumbList\",\"@id\":\"http:\\\/\\\/naturalmentecaceres.com\\\/index.php\\\/talleres-navidades-sostenibles-2022#breadcrumb\",\"itemListElement\":[{\"@type\":\"ListItem\",\"position\":1,\"name\":\"Portada\",\"item\":\"http:\\\/\\\/naturalmentecaceres.com\\\/\"},{\"@type\":\"ListItem\",\"position\":2,\"name\":\"TALLERES SEMANA SANTA SOSTENIBLE 2023\"}]},{\"@type\":\"WebSite\",\"@id\":\"http:\\\/\\\/naturalmentecaceres.com\\\/#website\",\"url\":\"http:\\\/\\\/naturalmentecaceres.com\\\/\",\"name\":\"NATURALMENTE C\u00c1CERES\",\"description\":\"Web del proyecto de educaci\u00f3n ambiental gestionado por Talher en C\u00e1ceres\",\"publisher\":{\"@id\":\"http:\\\/\\\/naturalmentecaceres.com\\\/#organization\"},\"potentialAction\":[{\"@type\":\"SearchAction\",\"target\":{\"@type\":\"EntryPoint\",\"urlTemplate\":\"http:\\\/\\\/naturalmentecaceres.com\\\/?s={search_term_string}\"},\"query-input\":{\"@type\":\"PropertyValueSpecification\",\"valueRequired\":true,\"valueName\":\"search_term_string\"}}],\"inLanguage\":\"es\"},{\"@type\":\"Organization\",\"@id\":\"http:\\\/\\\/naturalmentecaceres.com\\\/#organization\",\"name\":\"NATURALMENTE C\u00c1CERES\",\"url\":\"http:\\\/\\\/naturalmentecaceres.com\\\/\",\"logo\":{\"@type\":\"ImageObject\",\"inLanguage\":\"es\",\"@id\":\"http:\\\/\\\/naturalmentecaceres.com\\\/#\\\/schema\\\/logo\\\/image\\\/\",\"url\":\"http:\\\/\\\/naturalmentecaceres.com\\\/wp-content\\\/uploads\\\/2023\\\/02\\\/naturalmente.jpg\",\"contentUrl\":\"http:\\\/\\\/naturalmentecaceres.com\\\/wp-content\\\/uploads\\\/2023\\\/02\\\/naturalmente.jpg\",\"width\":1300,\"height\":1237,\"caption\":\"NATURALMENTE C\u00c1CERES\"},\"image\":{\"@id\":\"http:\\\/\\\/naturalmentecaceres.com\\\/#\\\/schema\\\/logo\\\/image\\\/\"},\"sameAs\":[\"https:\\\/\\\/x.com\\\/naturalmentecc\",\"https:\\\/\\\/www.instagram.com\\\/naturalmentecaceres\\\/\"]}]}<\/script>\r\n<!-- \/ Yoast SEO plugin. -->","yoast_head_json":{"title":"TALLERES SEMANA SANTA SOSTENIBLE 2023 - NATURALMENTE C\u00c1CERES","robots":{"index":"index","follow":"follow","max-snippet":"max-snippet:-1","max-image-preview":"max-image-preview:large","max-video-preview":"max-video-preview:-1"},"canonical":"http:\/\/naturalmentecaceres.com\/index.php\/talleres-navidades-sostenibles-2022","og_locale":"es_ES","og_type":"article","og_title":"TALLERES SEMANA SANTA SOSTENIBLE 2023 - NATURALMENTE C\u00c1CERES","og_description":"El Ayuntamiento de C\u00e1ceres, a trav\u00e9s del programa de educaci\u00f3n ambiental \u201cNaturalmente C\u00e1ceres\u201d, ofrece una serie de actividades durante las vacaciones de Semana Santa de 2023 con el fin de sensibilizar a los m\u00e1s j\u00f3venes sobre una forma de vida m\u00e1s sostenible favoreciendo la biodiversidad urbana y la reutilizaci\u00f3n de los residuos. Destinado a: ni\u00f1os y ni\u00f1as de 5 a 11 a\u00f1os. N\u00ba de plazas: 20 en cada taller. Plazo de inscripci\u00f3n: del 13 de marzo al 31 de marzo... Leer m\u00e1s Leer m\u00e1s","og_url":"http:\/\/naturalmentecaceres.com\/index.php\/talleres-navidades-sostenibles-2022","og_site_name":"NATURALMENTE C\u00c1CERES","article_modified_time":"2023-03-09T12:23:10+00:00","twitter_card":"summary_large_image","twitter_site":"@naturalmentecc","twitter_misc":{"Tiempo de lectura":"3 minutos"},"schema":{"@context":"https:\/\/schema.org","@graph":[{"@type":"WebPage","@id":"http:\/\/naturalmentecaceres.com\/index.php\/talleres-navidades-sostenibles-2022","url":"http:\/\/naturalmentecaceres.com\/index.php\/talleres-navidades-sostenibles-2022","name":"TALLERES SEMANA SANTA SOSTENIBLE 2023 - NATURALMENTE C\u00c1CERES","isPartOf":{"@id":"http:\/\/naturalmentecaceres.com\/#website"},"datePublished":"2022-11-28T12:58:56+00:00","dateModified":"2023-03-09T12:23:10+00:00","breadcrumb":{"@id":"http:\/\/naturalmentecaceres.com\/index.php\/talleres-navidades-sostenibles-2022#breadcrumb"},"inLanguage":"es","potentialAction":[{"@type":"ReadAction","target":["http:\/\/naturalmentecaceres.com\/index.php\/talleres-navidades-sostenibles-2022"]}]},{"@type":"BreadcrumbList","@id":"http:\/\/naturalmentecaceres.com\/index.php\/talleres-navidades-sostenibles-2022#breadcrumb","itemListElement":[{"@type":"ListItem","position":1,"name":"Portada","item":"http:\/\/naturalmentecaceres.com\/"},{"@type":"ListItem","position":2,"name":"TALLERES SEMANA SANTA SOSTENIBLE 2023"}]},{"@type":"WebSite","@id":"http:\/\/naturalmentecaceres.com\/#website","url":"http:\/\/naturalmentecaceres.com\/","name":"NATURALMENTE C\u00c1CERES","description":"Web del proyecto de educaci\u00f3n ambiental gestionado por Talher en C\u00e1ceres","publisher":{"@id":"http:\/\/naturalmentecaceres.com\/#organization"},"potentialAction":[{"@type":"SearchAction","target":{"@type":"EntryPoint","urlTemplate":"http:\/\/naturalmentecaceres.com\/?s={search_term_string}"},"query-input":{"@type":"PropertyValueSpecification","valueRequired":true,"valueName":"search_term_string"}}],"inLanguage":"es"},{"@type":"Organization","@id":"http:\/\/naturalmentecaceres.com\/#organization","name":"NATURALMENTE C\u00c1CERES","url":"http:\/\/naturalmentecaceres.com\/","logo":{"@type":"ImageObject","inLanguage":"es","@id":"http:\/\/naturalmentecaceres.com\/#\/schema\/logo\/image\/","url":"http:\/\/naturalmentecaceres.com\/wp-content\/uploads\/2023\/02\/naturalmente.jpg","contentUrl":"http:\/\/naturalmentecaceres.com\/wp-content\/uploads\/2023\/02\/naturalmente.jpg","width":1300,"height":1237,"caption":"NATURALMENTE C\u00c1CERES"},"image":{"@id":"http:\/\/naturalmentecaceres.com\/#\/schema\/logo\/image\/"},"sameAs":["https:\/\/x.com\/naturalmentecc","https:\/\/www.instagram.com\/naturalmentecaceres\/"]}]}},"_links":{"self":[{"href":"http:\/\/naturalmentecaceres.com\/index.php\/wp-json\/wp\/v2\/pages\/1202","targetHints":{"allow":["GET"]}}],"collection":[{"href":"http:\/\/naturalmentecaceres.com\/index.php\/wp-json\/wp\/v2\/pages"}],"about":[{"href":"http:\/\/naturalmentecaceres.com\/index.php\/wp-json\/wp\/v2\/types\/page"}],"author":[{"embeddable":true,"href":"http:\/\/naturalmentecaceres.com\/index.php\/wp-json\/wp\/v2\/users\/1"}],"replies":[{"embeddable":true,"href":"http:\/\/naturalmentecaceres.com\/index.php\/wp-json\/wp\/v2\/comments?post=1202"}],"version-history":[{"count":3,"href":"http:\/\/naturalmentecaceres.com\/index.php\/wp-json\/wp\/v2\/pages\/1202\/revisions"}],"predecessor-version":[{"id":1313,"href":"http:\/\/naturalmentecaceres.com\/index.php\/wp-json\/wp\/v2\/pages\/1202\/revisions\/1313"}],"wp:attachment":[{"href":"http:\/\/naturalmentecaceres.com\/index.php\/wp-json\/wp\/v2\/media?parent=1202"}],"curies":[{"name":"wp","href":"https:\/\/api.w.org\/{rel}","templated":true}]}}