{"version":"1.0","provider_name":"NATURALMENTE C\u00c1CERES","provider_url":"http:\/\/naturalmentecaceres.com","author_name":"Talher","author_url":"http:\/\/naturalmentecaceres.com\/index.php\/archivos\/author\/talher","title":"OLMOS CENTENARIOS DEL PALACIO DE JUSTICIA Y LA PARROQUIA DEL ESP\u00cdRITU SANTO - NATURALMENTE C\u00c1CERES","type":"rich","width":600,"height":338,"html":"<blockquote class=\"wp-embedded-content\" data-secret=\"V07LstHM1n\"><a href=\"http:\/\/naturalmentecaceres.com\/index.php\/archivos\/289\">OLMOS CENTENARIOS DEL PALACIO DE JUSTICIA Y LA PARROQUIA DEL ESP\u00cdRITU SANTO<\/a><\/blockquote><iframe sandbox=\"allow-scripts\" security=\"restricted\" src=\"http:\/\/naturalmentecaceres.com\/index.php\/archivos\/289\/embed#?secret=V07LstHM1n\" width=\"600\" height=\"338\" title=\"\u00abOLMOS CENTENARIOS DEL PALACIO DE JUSTICIA Y LA PARROQUIA DEL ESP\u00cdRITU SANTO\u00bb \u2014 NATURALMENTE C\u00c1CERES\" data-secret=\"V07LstHM1n\" frameborder=\"0\" marginwidth=\"0\" marginheight=\"0\" scrolling=\"no\" class=\"wp-embedded-content\"><\/iframe><script type=\"text\/javascript\">\n\/* <![CDATA[ *\/\n\/*! This file is auto-generated *\/\n!function(d,l){\"use strict\";l.querySelector&&d.addEventListener&&\"undefined\"!=typeof URL&&(d.wp=d.wp||{},d.wp.receiveEmbedMessage||(d.wp.receiveEmbedMessage=function(e){var t=e.data;if((t||t.secret||t.message||t.value)&&!\/[^a-zA-Z0-9]\/.test(t.secret)){for(var s,r,n,a=l.querySelectorAll('iframe[data-secret=\"'+t.secret+'\"]'),o=l.querySelectorAll('blockquote[data-secret=\"'+t.secret+'\"]'),c=new RegExp(\"^https?:$\",\"i\"),i=0;i<o.length;i++)o[i].style.display=\"none\";for(i=0;i<a.length;i++)s=a[i],e.source===s.contentWindow&&(s.removeAttribute(\"style\"),\"height\"===t.message?(1e3<(r=parseInt(t.value,10))?r=1e3:~~r<200&&(r=200),s.height=r):\"link\"===t.message&&(r=new URL(s.getAttribute(\"src\")),n=new URL(t.value),c.test(n.protocol))&&n.host===r.host&&l.activeElement===s&&(d.top.location.href=t.value))}},d.addEventListener(\"message\",d.wp.receiveEmbedMessage,!1),l.addEventListener(\"DOMContentLoaded\",function(){for(var e,t,s=l.querySelectorAll(\"iframe.wp-embedded-content\"),r=0;r<s.length;r++)(t=(e=s[r]).getAttribute(\"data-secret\"))||(t=Math.random().toString(36).substring(2,12),e.src+=\"#?secret=\"+t,e.setAttribute(\"data-secret\",t)),e.contentWindow.postMessage({message:\"ready\",secret:t},\"*\")},!1)))}(window,document);\n\/\/# sourceURL=http:\/\/naturalmentecaceres.com\/wp-includes\/js\/wp-embed.min.js\n\/* ]]> *\/\n<\/script>\n","description":"C\u00e1ceres cuenta con grandes monumentos que ver y visitar. Hoy os proponemos uno natural y centenario: los olmos que est\u00e1n en el Palacio de Justicia y en la parroquia del Esp\u00edritu Santo. Estos olmos se encuentran en la Ronda de San Francisco y el m\u00e1s grande tiene una altura de casi 12 metros. Se estima que su edad es de aproximadamente 200 a\u00f1os. El m\u00e1s joven, que tiene una oquedad en forma de oreja, ha sido respetado en la construcci\u00f3n... Leer m\u00e1s Leer m\u00e1s","thumbnail_url":"http:\/\/naturalmentecaceres.com\/wp-content\/uploads\/2020\/04\/Olmo_palacio_justicia.jpg"}

NATURALMENTE CÁCERES

OLMOS CENTENARIOS DEL PALACIO DE JUSTICIA Y LA PARROQUIA DEL ESPÍRITU SANTO - NATURALMENTE CÁCERES

<blockquote class="wp-embedded-content" data-secret="V07LstHM1n"><a href="http://naturalmentecaceres.com/index.php/archivos/289">OLMOS CENTENARIOS DEL PALACIO DE JUSTICIA Y LA PARROQUIA DEL ESPÍRITU SANTO</a></blockquote><iframe sandbox="allow-scripts" security="restricted" src="http://naturalmentecaceres.com/index.php/archivos/289/embed#?secret=V07LstHM1n" width="600" height="338" title="«OLMOS CENTENARIOS DEL PALACIO DE JUSTICIA Y LA PARROQUIA DEL ESPÍRITU SANTO» — NATURALMENTE CÁCERES" data-secret="V07LstHM1n" frameborder="0" marginwidth="0" marginheight="0" scrolling="no" class="wp-embedded-content"></iframe><script type="text/javascript">
/* <![CDATA[ */
/*! This file is auto-generated */
!function(d,l){"use strict";l.querySelector&&d.addEventListener&&"undefined"!=typeof URL&&(d.wp=d.wp||{},d.wp.receiveEmbedMessage||(d.wp.receiveEmbedMessage=function(e){var t=e.data;if((t||t.secret||t.message||t.value)&&!/[^a-zA-Z0-9]/.test(t.secret)){for(var s,r,n,a=l.querySelectorAll('iframe[data-secret="'+t.secret+'"]'),o=l.querySelectorAll('blockquote[data-secret="'+t.secret+'"]'),c=new RegExp("^https?:$","i"),i=0;i<o.length;i++)o[i].style.display="none";for(i=0;i<a.length;i++)s=a[i],e.source===s.contentWindow&&(s.removeAttribute("style"),"height"===t.message?(1e3<(r=parseInt(t.value,10))?r=1e3:~~r<200&&(r=200),s.height=r):"link"===t.message&&(r=new URL(s.getAttribute("src")),n=new URL(t.value),c.test(n.protocol))&&n.host===r.host&&l.activeElement===s&&(d.top.location.href=t.value))}},d.addEventListener("message",d.wp.receiveEmbedMessage,!1),l.addEventListener("DOMContentLoaded",function(){for(var e,t,s=l.querySelectorAll("iframe.wp-embedded-content"),r=0;r<s.length;r++)(t=(e=s[r]).getAttribute("data-secret"))||(t=Math.random().toString(36).substring(2,12),e.src+="#?secret="+t,e.setAttribute("data-secret",t)),e.contentWindow.postMessage({message:"ready",secret:t},"*")},!1)))}(window,document);
//# sourceURL=http://naturalmentecaceres.com/wp-includes/js/wp-embed.min.js
/* ]]> */
</script>

Cáceres cuenta con grandes monumentos que ver y visitar. Hoy os proponemos uno natural y centenario: los olmos que están en el Palacio de Justicia y en la parroquia del Espíritu Santo. Estos olmos se encuentran en la Ronda de San Francisco y el más grande tiene una altura de casi 12 metros. Se estima que su edad es de aproximadamente 200 años. El más joven, que tiene una oquedad en forma de oreja, ha sido respetado en la construcción... Leer más Leer más
